 15.
11
What is the remainder when 1382 is divided by 8?
6
Calculate the remainder when 410 is divided by 122.
44
Calculate the remainder when 3143 is divided by 15.
8
What is the remainder when 73 is divided by 17?
5
What is the remainder when 189 is divided by 29?
15
What is the remainder when 1402 is divided by 270?
52
What is the remainder when 327 is divided by 173?
154
What is the remainder when 10139 is divided by 20?
19
What is the remainder when 317 is divided by 7?
2
What is the remainder when 331 is divided by 1?
0
What is the remainder when 46 is divided by 18?
10
What is the remainder when 983 is divided by 129?
80
What is the remainder when 383 is divided by 96?
95
Calculate the remainder when 66 is divided by 56.
10
What is the remainder when 15 is divided by 4?
3
What is the remainder when 179 is divided by 88?
3
Calculate the remainder when 4523 is divided by 78.
77
What is the remainder when 247 is divided by 23?
17
What is the remainder when 1001 is divided by 59?
57
Calculate the remainder when 765 is divided by 96.
93
Calculate the remainder when 77 is divided by 32.
13
Calculate the remainder when 164 is divided by 12.
8
Calculate the remainder when 712 is divided by 14.
12
What is the remainder when 1040 is divided by 95?
90
What is the remainder when 1678 is divided by 119?
12
What is the remainder when 262 is divided by 125?
12
What is the remainder when 2483 is divided by 18?
17
Calculate the remainder when 47 is divided by 15.
2
What is the remainder when 913 is divided by 100?
13
Calculate the remainder when 408 is divided by 132.
12
What is the remainder when 197 is divided by 81?
35
What is the remainder when 5070 is divided by 1684?
18
Calculate the remainder when 51407 is divided by 189.
188
Calculate the remainder when 68 is divided by 25.
18
Calculate the remainder when 82 is divided by 11.
5
Calculate the remainder when 147 is divided by 17.
11
Calculate the remainder when 57 is divided by 28.
1
Calculate the remainder when 76 is divided by 26.
24
Calculate the remainder when 1651 is divided by 3.
1
Calculate the remainder when 98 is divided by 19.
3
Calculate the remainder when 2408 is divided by 134.
130
What is the remainder when 214 is divided by 36?
34
Calculate the remainder when 419 is divided by 46.
5
Calculate the remainder when 2514 is divided by 26.
18
What is the remainder when 4402 is divided by 17?
16
What is the remainder when 193 is divided by 36?
13
What is the remainder when 80 is divided by 30?
20
What is the remainder when 57 is divided by 8?
1
Calculate the remainder when 2472 is divided by 67.
60
What is the remainder when 1099 is divided by 539?
21
Calculate the remainder when 388 is divided by 65.
63
What is the remainder when 819 is divided by 136?
3
What is the remainder when 668 is divided by 230?
208
Calculate the remainder when 1859 is divided by 269.
245
Calculate the remainder when 350 is divided by 109.
23
Calculate the remainder when 450 is divided by 111.
6
What is the remainder when 165 is divided by 42?
39
What is the remainder when 1439 is divided by 60?
59
Calculate the remainder when 1086 is divided by 14.
8
Calculate the remainder when 198 is divided by 29.
24
What is the remainder when 61 is divided by 32?
29
What is the remainder when 455 is divided by 45?
5
Calculate the remainder when 4460 is divided by 93.
89
What is the remainder when 1455 is divided by 56?
55
What is the remainder when 99 is divided by 25?
24
Calculate the remainder when 319 is divided by 93.
40
What is the remainder when 517 is divided by 13?
10
What is the remainder when 154 is divided by 28?
14
Calculate the remainder when 98 is divided by 91.
7
Calculate the remainder when 13092 is divided by 37.
31
Calculate the remainder when 943 is divided by 103.
16
What is the remainder when 110 is divided by 38?
34
Calculate the remainder when 3104 is divided by 69.
68
What is the remainder when 2488 is divided by 53?
50
Calculate the remainder when 1127 is divided by 33.
5
Calculate the remainder when 13 is divided by 11.
2
Calculate the remainder when 2434 is divided by 14.
12
Calculate the remainder when 2047 is divided by 95.
52
What is the remainder when 101 is divided by 43?
15
What is the remainder when 228 is divided by 18?
12
Calculate the remainder when 6020 is divided by 19.
16
Calculate the remainder when 675 is divided by 73.
18
What is the remainder when 11733 is divided by 163?
160
What is the remainder when 1495 is divided by 371?
11
Calculate the remainder when 3957 is divided by 165.
162
Calculate the remainder when 182 is divided by 23.
21
What is the remainder when 432 is divided by 15?
12
Calculate the remainder when 488 is divided by 49.
47
Calculate the remainder when 68 is divided by 26.
16
What is the remainder when 834 is divided by 40?
34
What is the remainder when 591 is divided by 119?
115
Calculate the remainder when 26 is divided by 22.
4
What is the remainder when 192 is divided by 20?
12
Calculate the remainder when 122 is divided by 47.
28
What is the remainder when 344 is divided by 39?
32
Calculate the remainder when 84 is divided by 22.
18
What is the remainder when 98 is divided by 38?
22
Calculate the remainder when 39 is divided by 17.
5
Calculate the remainder when 178 is divided by 36.
34
Calculate the remainder when 358 is divided by 136.
86
What is the remainder when 2637 is divided by 16?
13
What is the remainder when 268 is divided by 90?
88
Calculate the remainder when 542 is divided by 21.
17
Calculate the remainder when 841 is divided by 53.
46
Calculate the remainder when 3764 is divided by 92.
84
What is the remainder when 2527 is divided by 55?
52
Calculate the remainder when 412 is divided by 80.
12
What is the remainder when 2885 is divided by 62?
33
What is the remainder when 206 is divided by 148?
58
Calculate the remainder when 34 is divided by 30.
4
Calculate the remainder when 281 is divided by 149.
132
What is the remainder when 1158 is divided by 30?
18
Calculate the remainder when 438 is divided by 92.
70
What is the remainder when 3241 is divided by 1053?
82
What is the remainder when 25 is divided by 12?
1
Calculate the remainder when 759 is divided by 148.
19
Calculate the remainder when 631 is divided by 25.
6
Calculate the remainder when 29 is divided by 25.
4
What is the remainder when 280 is divided by 159?
121
Calculate the remainder when 612 is divided by 64.
36
What is the remainder when 8 is divided by 6?
2
What is the remainder when 398 is divided by 7?
6
Calculate the remainder when 197 is divided by 93.
11
What is the remainder when 5099 is divided by 80?
59
Calculate the remainder when 339 is divided by 38.
35
Calculate the remainder when 3958 is divided by 104.
6
What is the remainder when 115 is divided by 6?
1
What is the remainder when 76731 is divided by 54?
51
What is the remainder when 7127 is divided by 66?
65
Calculate the remainder when 3046 is divided by 68.
54
What is the remainder when 84 is divided by 37?
10
Calculate the remainder when 120 is divided by 16.
8
Calculate the remainder when 722 is divided by 713.
9
What is the remainder when 3816 is divided by 2?
0
Calculate the remainder when 1424 is divided by 25.
24
Calculate the remainder when 127 is divided by 15.
7
What is the remainder when 9979 is divided by 46?
43
Calculate the remainder when 4513 is divided by 105.
103
What is the remainder when 240 is divided by 27?
24
What is the remainder when 2705 is divided by 66?
65
Calculate the remainder when 503 is divided by 36.
35
What is the remainder when 654 is divided by 55?
49
Calculate the remainder when 134 is divided by 30.
14
Calculate the remainder when 1334 is divided by 667.
0
Calculate the remainder when 57 is divided by 12.
9
What is the remainder when 526 is divided by 31?
30
Calculate the remainder when 10318 is divided by 178.
172
Calculate the remainder when 204 is divided by 61.
21
What is the remainder when 3255 is divided by 22?
21
What is the remainder when 1077 is divided by 47?
43
Calculate the remainder when 2248 is divided by 30.
28
What is the remainder when 93 is divided by 19?
17
What is the remainder when 62887 is divided by 190?
187
Calculate the remainder when 862 is divided 